Give g(m).
3
Suppose -i = j + 4, 4*j - 3*i + 21 = -9. Let m(r) = r**2 + r - 8. Determine m(j).
22
Let v = 12 - 6. Suppose 20 = -r + 5*s, -15 = -3*s - 0*s. Suppose -n = 3*c + 3, -9 - v = 4*c + r*n. Let o(f) = -f + 4. Give o(c).
4
Let w(f) = f**2 - 2. Let n(u) = -u - 3. Let j be n(-5). Suppose j - 4 = -h. Suppose -5*z + h*o - 2 = 0, -2 - 2 = 2*z - 4*o. Give w(z).
-2
Let o(l) = -l**2 + 5*l + 7. Let d(g) = -g + 5. Let v be d(-2). Determine o(v).
-7
Let b(q) = -q**2 + q - 1. Let v(h) = 2*h + 2*h**2 - 1 - 2*h - 3*h**2. Let c(i) = -2*b(i) + 3*v(i). Calculate c(-1).
0
Let l(b) = 3*b + 2. Let f = -20 + 17. What is l(f)?
-7
Let o(q) be the first derivative of -q**4/4 + 2*q**3/3 - q**2/2 + 2*q - 1. What is o(2)?
0
Let z(g) = -g**2 - 5*g + 3. Suppose -5*t = 4*v - 6*v - 35, 3*v + 5*t - 10 = 0. What is z(v)?
3
Suppose 9 = 3*r, 0 = w + 2*r - 10 - 10. Suppose -4*m - 2 = -w. Let f(g) be the second derivative of g**3/3 - 3*g**2/2 + g. Calculate f(m).
3
Let m(t) be the third derivative of t**6/120 - t**5/15 + t**4/12 + t**3/3 + 4*t**2. Let r be m(2). Let p(z) = z**3 + 4*z**2 + z + 2. Determine p(r).
8
Let t(y) be the second derivative of y**8/1120 + y**7/2520 - y**4/12 + 8*y. Let d(u) be the third derivative of t(u). Calculate d(-1).
-5
Let g(m) = -5*m**3 + m**2 - 2. Let i(o) = -20*o**3 + 4*o**2 - 9. Let h(x) = 9*g(x) - 2*i(x). Let w be (1/3)/(1/(-3)). What is h(w)?
6
Let z(m) = m + 1. Let c(h) = 2*h - 5. Let o(s) = -c(s) - 6*z(s). Suppose g = -13 + 14. What is o(g)?
-9
Let s(q) be the second derivative of q**5/12 - q**4/24 - q**3/6 - q**2 + q. Let i(y) be the first derivative of s(y). Determine i(-1).
5
Let t(i) = -7*i**2 - 2 - 3*i**3 - 6*i + 5*i**3 - i**3 - 3. What is t(8)?
11
Suppose c - 5 = -0*c - 2*f, -f + 6 = 4*c. Let t(q) = -7*q**2 - q + 1. Determine t(c).
-7
Let y(u) be the first derivative of -u**2/2 - u - 5. Let p = -8 - -6. Calculate y(p).
1
Let y = 28 - 32. Let j(n) = -n**3 - 5*n**2 - 3*n - 4. Determine j(y).
-8
Let g(d) = -2*d. Suppose 0 = -4*y + 4, -4*k - y = -3 - 6. Suppose k*i - 5 = -3*i. Let m be i/(-2) + 6/(-4). Determine g(m).
4
Let l(z) be the second derivative of -2*z**3 - 3*z**2/2 + 5*z - 4. Give l(-2).
21
Let t(s) = s**3 - 2*s**2 - 7*s + 6. Suppose -5*o + 22 = 2*i, -4*o - o - 3*i + 23 = 0. What is t(o)?
10
Let i(y) = -4*y**2 + y. Suppose -2*x = 3*a - 10, -3*a - 6*x = -x - 7. Let b be ((-4)/(-5))/(2/5). Suppose -6*z = -b*z - a. Give i(z).
-3
Let w(i) = 1 - 1 - 2*i. Let q be -3*(-3 - 2/(-6)). Suppose 4*y = 3*v + 6 + q, 0 = y - 2. What is w(v)?
4
Let d(x) = -2*x + 9. Let n be 8 - ((-2 - -2) + 2). Let z be d(n). Let y(l) be the second derivative of -l**5/20 - l**4/3 - l**3/3 - l**2 - l. Determine y(z).
-5
Let o(r) = -r**2 + 9*r - 4. Let p be o(8). Suppose -2*c = -3*a - 5 - 4, 4 = -p*a. Let v(k) = 2*k**2 - 3*k - 4. Calculate v(c).
5
Let b be 4/(-3)*(-4 - -1). Let u(a) = -6 + 4*a**2 + 2*a + b + a**3 + 0*a**3. Suppose 3*m = -r + 3, 3*r + 3*m - 2 = -5. Calculate u(r).
1
Suppose 0 = w + 2*w + 4*s - 19, 2*w - 5*s + 18 = 0. Let k(r) = -r**2 - r + 1. Calculate k(w).
-1
Let z(g) = g**3 + 6*g**2 + 5*g - 3. Let f be 5 + (-2)/6*-3. Suppose -f = w + 6. Let h be 40/w*3/2. Give z(h).
-3
Let x be 3*(-1*3)/3. Let r = -2 - x. Let y(v) = v**2 - 2*v. Give y(r).
-1
Suppose -3*k = -6, -14 = -3*y + 3*k + 2*k. Let l(r) be the third derivative of r**4/24 - r**3 + 4*r**2. Determine l(y).
2
Let n(r) = -r**3 - 6*r**2 + 6*r - 4. Let g(d) = -8*d**2 - 6*d - 9. Let h be g(-8). Let z be (-1)/(-6) - h/(-66). What is n(z)?
3
Let d(s) be the second derivative of s**5/20 + 5*s**4/12 + s**3/2 + 2*s**2 + 8*s. Give d(-4).
8
Suppose -5*c = 15 + 5. Let z(q) = q + 8. Let u(r) = r + 9. Let y(m) = -3*u(m) + 4*z(m). Calculate y(c).
1
Let t = -1 - -7. Let u(k) = k - 6. Determine u(t).
0
Let w(d) = 3*d - 3. Let u(i) be the third derivative of -i**4/24 + i**3/6 - i**2. Let y(s) = -5*u(s) - 2*w(s). What is y(-2)?
3
Let g(i) = -i**2 + 3*i + 4. Let b(m) = m + 9. Let k be b(0). Let x = 27 - k. Suppose -2*p = -5*v + 14, 3*v - x = -2*p - 0. What is g(v)?
0
Let g(p) be the second derivative of -p**6/720 - p**5/60 + 7*p**4/12 + 4*p. Let c(z) be the third derivative of g(z). Determine c(-3).
1
Let x(q) = -q**2 + 4*q - 4. Suppose -18 = 10*i - 13*i. Suppose -n - i = -3*n. Give x(n).
-1
Let y(q) = -17*q**3. Let x = 71 + -70. Give y(x).
-17
Suppose u + 28 = -u + 3*z, 4*z + 8 = -3*u. Let a = -9 - -3. Let j = a - u. Let o(w) = w**3 - 2*w + 1. What is o(j)?
5
Let h = 6 - 3. Let k(u) = -1 - h*u - 4*u**2 + 5 - 2*u**3 - 3 - 2. Determine k(-2).
5
Let u = 90 + -86. Let g(b) = b**2 - 8*b. What is g(u)?
-16
Let t(y) = -y + 1. Suppose -79 = -5*a + 4*m, 0 = 3*a + 2*a - 3*m - 78. Suppose 5*b = r - 25, -5*b = 3*r - 2*b + a. What is t(r)?
1
Suppose -3*c - 12 - 9 = 0. Let j(n) = -5*n + 3. Let q(i) = 2*i - 1. Let w(g) = c*q(g) - 3*j(g). Calculate w(5).
3
Let u(h) be the second derivative of 5*h**3/6 + 7*h**2/2 - 29*h. Determine u(-6).
-23
Let d(k) be the first derivative of k**3/3 + 5*k**2/2 - 6*k + 1. Suppose 8*m - 78 = 21*m. Determine d(m).
0
Let i(h) = -h**3 - 10*h**2 - 6*h + 27. Let f be i(-9). Let q(u) = u**3 + u**2 + u - 1. Calculate q(f).
-1
Let v(l) = -10*l - 1. Suppose 0 = -5*z + 5*w - 30, 2*z + 3*z + 25 = 4*w. Calculate v(z).
9
Let b(v) = v - 3. Let r be b(12). Let m(y) = -1 - r - 4*y + 9. Determine m(2).
-9
Let l be (0 - -1)/((-3)/9). Let f(i) = -3*i**2 + 1 - i**2 + i + 3*i - i**3 + 3*i**2. Give f(l).
7
Let s(c) = 5*c + 1. Let q be ((-44)/(-10) - 4)/(4/(-10)). What is s(q)?
-4
Let c(u) be the first derivative of -u**2 + 3*u + 112. Let t(y) = y**3 + 5*y**2 + 2*y - 5. Let s be t(-4). What is c(s)?
-3
Let z(q) be the third derivative of -q**6/60 + q**5/30 + q**4/8 - q**3/3 - 10*q**2. Calculate z(2).
-4
Let m(k) = 0*k - 2*k - 2 + 3*k. Let o = 1 - 3. Calculate m(o).
-4
Let h be (2 - 10) + -4 + 2. Suppose -3*k = -i - 18, 0*i - 5*k - 10 = i. Let s = h - i. Let p(u) = -2*u + 6. Calculate p(s).
-4
Suppose 4*p + 2*q + 2 = 0, -2*p + 4*p - 11 = 3*q. Let j(o) = -7*o**3 + o - 1. Give j(p).
-7
Let k = 7 - 11. Let h(z) = -z**3 - 5*z**2 - 3*z + 3. What is h(k)?
-1
Let j = -213 - -210. Let k(d) = -d**3 + 1 - 3*d**2 - 6 + 4 + 3*d. Calculate k(j).
-10
Let f(o) = 2*o**2 - 12*o - 10. Let c be f(7). Suppose x + c*x + 10 = 0. Let u(s) = 2*s**2 + s - 2. Determine u(x).
4
Let u(z) = 2*z + 10. Let f(c) = 1. Let k(p) = 6*f(p) - u(p). Let a be 19/7 + 2/7. What is k(a)?
-10
Let w(r) = -r**2 + 1. Let j(h) = h**3 + 7*h**2 - 8*h - 9. Let y(s) = j(s) + 3*w(s). Give y(-5).
9
Let q(t) = -t**2 + 6*t + 9. Let k be q(7). Let m(l) = l**3 - 6*l**2 + 2*l + 1. What is m(k)?
-11
Suppose 2*s - 3*t - 7 = 0, -4 = -3*s + 3*t - 1. Let q(h) = -h**2 - 3*h - 1. What is q(s)?
-5
Let c(j) = -j**3 - 23*j**2 - 4. Let i be c(-23). Let k(y) = -y**2 - 2*y + 4. Calculate k(i).
-4
Let r be 36/12*(1 - 3). Let m(o) = 5*o + 7. Determine m(r).
-23
Let h(z) be the first derivative of -2/3*z**3 + 0*z**2 - 1/40*z**5 + 1 - 1/360*z**6 + 0*z + 5/24*z**4. Let m(n) be the third derivative of h(n). What is m(-5)?
-5
Let n(k) be the third derivative of k**4/24 - 5*k**3/6 + 2*k**2 + 14*k. Suppose -m = -3*m - 6, 5*m = 5*g + 30. Let y be 2/4 - g/(-2). Give n(y).
-9
Suppose -16 = 2*w - 0*r + 4*r, 2*r + 2 = -4*w. Let t(x) = 0*x**3 - 5*x**3 - 7 - x**3 - 6*x**w - 8*x + 5*x**3. Calculate t(-5).
8
Let u(w) = -w**2 + w. Let c(r) = -r**2 - 6. Let p(v) = c(v) - 2*u(v). Give p(5).
9
Let d(x) = -x**3 + 8*x**2 - 8*x - 2. Suppose -7*r + 0*r + 49 = 0. What is d(r)?
-9
Let w(d) = d**2 - 6*d + 3. Let y = 5 - -2. Calculate w(y).
10
Let p(l) = -l**2 - 7*l + 3. Let m(s) = 2*s**2 + 15*s - 5. Let q(c) = -2*m(c) - 5*p(c). Calculate q(-6).
1
Let t(u) = -3*u**2 - 6*u - 5. Let c(h) = -5 + 0 - 7*h - 3*h**2 - 1. Let o(s) = -6*c(s) + 7*t(s). Let j = -1 + 2. Determine o(j).
-2
Let c(n) = -5*n**2 + 3*n + 1. Let s(j) = 4*j**2 - 2*j - 1. Let i(b) = -3*c(b) - 4*s(b). Calculate i(-2).
-1
Let i(t) = -3 - 4*t**3 + 2 - 9*t**3 - t. What is i(-1)?
13
Let u(a) = a**3 + 12 + 0*a**2 - 10*a - a**2 + 11*a. Give u(0).
12
Let t(z) be the second derivative of -z**4/12 - z**3/3 - 3*z**2/2 + 4*z. Let i(x) = x**2 + 2*x. Let k be i(-3). Let y = k + -5. Determine t(y).
-3
Let g(l) = -6*l + 4 + 5*l + 7 + 0. Give g(5).
6
Let d(f) = 4. Let i(j) = -j. Let z(v) = d(v) + 2*i(v). Let s be (-2)/2 + -1 + -1. Let r be (8/(-4))/(2/s). Calculat